
What is the greatest common factor of 140564064 and 96?
96
What is the greatest common divisor of 20 and 8263470?
10
What is the highest common factor of 142259 and 12330643?
4589
Calculate the greatest common factor of 104 and 471627.
13
What is the greatest common factor of 1310054812 and 11?
11
What is the highest common divisor of 70 and 20944910?
70
What is the highest common factor of 92 and 1628998?
46
Calculate the highest common factor of 31239 and 26418582.
2403
What is the highest common factor of 28 and 106077090?
14
Calculate the greatest common factor of 2288713640 and 2188.
2188
Calculate the greatest common divisor of 106524051 and 1368.
57
Calculate the highest common divisor of 21823824 and 2112.
528
What is the greatest common divisor of 452313 and 522?
261
What is the highest common divisor of 50860092 and 244?
244
What is the greatest common factor of 7166219 and 58?
29
What is the greatest common divisor of 234886429 and 2902?
1451
What is the greatest common factor of 176827940 and 1835?
1835
Calculate the greatest common divisor of 47325 and 111687.
1893
What is the greatest common factor of 15617290 and 12506?
338
What is the greatest common factor of 721023 and 15?
3
What is the highest common factor of 21343 and 508734797?
3049
What is the highest common factor of 2161032 and 57207792?
17016
What is the highest common divisor of 329880 and 8?
8
What is the highest common factor of 3038 and 220420571?
1519
What is the highest common divisor of 5437557 and 10989?
999
What is the highest common divisor of 832 and 5109338?
26
What is the greatest common divisor of 556 and 6745253?
139
What is the greatest common factor of 561275 and 5519492?
1727
What is the highest common factor of 1119 and 4299571?
373
What is the highest common divisor of 74 and 376174?
2
What is the greatest common factor of 1288 and 231196?
644
Calculate the highest common divisor of 157237 and 205867.
1621
Calculate the greatest common factor of 1287 and 2442635.
13
Calculate the highest common divisor of 630648 and 82368.
72
Calculate the highest common divisor of 108720861 and 478.
239
What is the highest common factor of 1112540 and 409228?
1556
Calculate the greatest common divisor of 499 and 40224889.
499
What is the greatest common factor of 1892 and 22519530?
946
What is the greatest common divisor of 463791 and 465?
93
What is the highest common factor of 17130 and 21135?
15
What is the greatest common factor of 899764 and 3268?
76
Calculate the highest common factor of 13262 and 309472.
38
What is the highest common factor of 2582068 and 16020?
356
What is the highest common factor of 41166410 and 15?
5
What is the highest common factor of 280148 and 7084?
44
Calculate the greatest common divisor of 6020 and 20615.
35
Calculate the greatest common factor of 12 and 50119179.
3
What is the greatest common divisor of 16 and 75878216?
8
Calculate the greatest common divisor of 12953499 and 6396.
1599
What is the greatest common factor of 590 and 896783775?
295
Calculate the greatest common factor of 347 and 49574849.
347
What is the highest common divisor of 27 and 174696723?
27
What is the highest common factor of 7126 and 566986?
14
Calculate the greatest common factor of 14840 and 57225160.
2120
Calculate the greatest common divisor of 2511144 and 69.
3
What is the highest common factor of 40635 and 3269205?
45
Calculate the greatest common divisor of 93 and 17005546.
31
What is the greatest common factor of 825133724 and 307?
307
What is the greatest common divisor of 3878591 and 76770?
853
Calculate the highest common divisor of 236 and 28676478.
118
What is the greatest common divisor of 76007010 and 519960?
18570
What is the greatest common divisor of 66768 and 2366?
26
What is the highest common divisor of 39377400 and 600?
600
Calculate the greatest common divisor of 44 and 331238644.
44
Calculate the highest common divisor of 17237250 and 178506.
846
What is the greatest common factor of 168 and 1104297096?
168
What is the highest common factor of 79307 and 5041?
71
What is the highest common factor of 1118070 and 216?
54
What is the greatest common factor of 3027260 and 2300?
460
What is the greatest common divisor of 3496 and 1289426?
46
What is the greatest common factor of 4884 and 101156?
44
What is the highest common divisor of 170775 and 3030687?
2277
Calculate the highest common factor of 108356 and 1839948.
1052
Calculate the highest common factor of 3979728 and 1665.
9
What is the greatest common factor of 248 and 7897002?
62
What is the greatest common divisor of 2606703 and 59619?
501
Calculate the highest common factor of 13019100 and 600.
300
Calculate the greatest common divisor of 318 and 4439068.
106
What is the highest common factor of 9814 and 363780445?
4907
What is the highest common factor of 102 and 1042863?
3
Calculate the greatest common factor of 10951566 and 12.
6
What is the greatest common divisor of 21719225 and 66?
11
Calculate the highest common factor of 18574422 and 1698.
1698
What is the greatest common divisor of 12597 and 81614025?
969
What is the greatest common factor of 1217788 and 6006?
286
What is the greatest common divisor of 90928077 and 996?
249
Calculate the greatest common divisor of 328 and 16956.
4
What is the highest common divisor of 99068 and 1228?
4
What is the highest common divisor of 30832659 and 9867?
429
Calculate the greatest common divisor of 11925 and 68339790.
2385
Calculate the highest common divisor of 18737 and 733028.
457
What is the highest common factor of 208467110 and 1324?
662
Calculate the greatest common divisor of 1582929 and 6417.
207
What is the greatest common divisor of 217828 and 617258?
118
What is the greatest common divisor of 752991 and 46407?
1497
Calculate the highest common divisor of 594712 and 205138.
1882
Calculate the highest common divisor of 1926212 and 4665388.
7324
Calculate the greatest common factor of 4123 and 3458.
133
What is the highest common divisor of 46 and 2419333108?
46
Calculate the highest common factor of 38 and 13327151.
19
Calculate the highest common divisor of 125356006 and 8593.
661
What is the greatest common factor of 21931548 and 903?
129
What is the highest common divisor of 16 and 273292304?
16
Calculate the greatest common factor of 53136 and 20773224.
2952
What is the greatest common divisor of 51 and 12788522?
17
Calculate the highest common divisor of 914 and 10876143.
457
What is the greatest common divisor of 3609983 and 13?
13
What is the highest common factor of 14107964 and 416?
52
What is the highest common divisor of 231 and 1014439965?
231
Calculate the greatest common factor of 9552800 and 137600.
800
What is the greatest common factor of 38041360 and 12880?
560
What is the greatest common factor of 488490 and 36?
6
Calculate the highest common divisor of 8428 and 213052.
196
What is the highest common divisor of 54 and 78893163?
27
What is the highest common factor of 123447599 and 4818?
803
Calculate the greatest common factor of 43014 and 469871.
67
Calculate the highest common divisor of 45196748 and 3568.
892
What is the highest common divisor of 980 and 134314145?
245
What is the greatest common factor of 33914021 and 58?
29
Calculate the highest common factor of 3991173 and 885.
177
Calculate the highest common factor of 203 and 97034203.
203
What is the highest common factor of 4756 and 48372?
116
Calculate the greatest common divisor of 820454295 and 57.
57
Calculate the greatest common divisor of 11559740 and 65965.
835
Calculate the highest common factor of 1702660020 and 120.
60
Calculate the greatest common factor of 78506944 and 4.
4
What is the greatest common factor of 732 and 12223668?
732
Calculate the greatest common divisor of 195455680 and 7280.
560
What is the highest common factor of 28160850 and 44690?
410
Calculate the greatest common factor of 4635536 and 752.
16
Calculate the highest common factor of 792423 and 18479.
1087
What is the highest common divisor of 97552 and 51610?
26
What is the greatest common factor of 134 and 7432980?
134
Calculate the greatest common divisor of 594 and 87.
3
What is the highest common divisor of 18525 and 23571305?
95
What is the highest